 divide 9235314?
False
Is 91 a factor of 52850434?
True
Does 229 divide 333541245?
False
Does 3478 divide 1139705820?
True
Does 161 divide 28386232?
True
Is 17 a factor of 86231430?
False
Is 12878005 a multiple of 185?
False
Does 100 divide 420034677?
False
Does 265 divide 392566230?
True
Is 552584925 a multiple of 84?
False
Does 398 divide 17443767?
False
Is 176128446 a multiple of 176?
False
Is 65316583 a multiple of 12?
False
Does 2076 divide 48339567?
False
Does 1839 divide 347802041?
False
Is 52 a factor of 7210415?
False
Does 115 divide 26666660?
True
Is 10 a factor of 948398830?
True
Is 257904309 a multiple of 779?
True
Is 938 a factor of 5366313?
False
Does 852 divide 61326960?
True
Is 1699872480 a multiple of 480?
True
Does 89 divide 3534355?
False
Does 16 divide 562176?
True
Does 342 divide 64535400?
True
Is 768368075 a multiple of 4085?
True
Is 14752443 a multiple of 23?
False
Does 154 divide 355902162?
True
Does 5 divide 247740761?
False
Is 46 a factor of 419784235?
False
Does 35 divide 1168501005?
True
Is 102 a factor of 72827490?
True
Does 275 divide 21720722?
False
Is 91 a factor of 50861706?
False
Is 898 a factor of 191790350?
True
Is 129021487 a multiple of 577?
False
Is 136008180 a multiple of 43?
False
Is 158 a factor of 81170824?
False
Is 2247 a factor of 134541372?
True
Is 119394498 a multiple of 36?
False
Is 33 a factor of 115299220?
False
Does 4456 divide 580122184?
True
Is 1605236724 a multiple of 6524?
True
Does 77 divide 1647093063?
True
Is 20 a factor of 111258980?
True
Does 124 divide 149398522?
False
Does 198 divide 80849628?
False
Is 20060370 a multiple of 46?
True
Is 2360 a factor of 256180360?
True
Is 1104979472 a multiple of 161?
False
Is 9089321 a multiple of 3?
False
Is 200178969 a multiple of 3713?
True
Is 17 a factor of 339973701?
True
Does 34 divide 20106013?
False
Does 111 divide 416065185?
True
Is 2642481143 a multiple of 3211?
False
Is 37 a factor of 307390339?
True
Is 1592 a factor of 1127387?
False
Does 42 divide 1370466296?
False
Does 405 divide 380072250?
True
Does 266 divide 34239378?
False
Is 1195 a factor of 51779401?
False
Is 209144574 a multiple of 22?
False
Is 865262660 a multiple of 95?
True
Is 2025963 a multiple of 10?
False
Does 14 divide 8631287896?
True
Is 81079222 a multiple of 82?
True
Is 41 a factor of 317396237?
False
Is 12 a factor of 620787600?
True
Does 410 divide 52892050?
True
Does 4478 divide 2007760220?
False
Does 11 divide 152362221?
True
Is 799 a factor of 681394842?
False
Is 1654 a factor of 32001809?
False
Is 78 a factor of 53233830?
True
Does 204 divide 118041948?
True
Is 186599076 a multiple of 57?
True
Is 395842726 a multiple of 36?
False
Is 719 a factor of 275449511?
False
Is 40 a factor of 2711541?
False
Does 4439 divide 744819810?
True
Does 82 divide 26150128?
True
Is 54 a factor of 571110696?
True
Is 4825391142 a multiple of 5784?
False
Is 103714921 a multiple of 610?
False
Is 858736473 a multiple of 21?
True
Does 140 divide 2237846380?
True
Is 5252 a factor of 250861111?
False
Is 121 a factor of 1935418149?
False
Is 1316772122 a multiple of 208?
False
Is 71164280 a multiple of 5?
True
Is 132047592 a multiple of 15?
False
Does 2421 divide 205557426?
True
Is 731268447 a multiple of 663?
True
Is 425 a factor of 1948396566?
False
Is 2 a factor of 3916569?
False
Is 2747 a factor of 962691644?
True
Does 8563 divide 2004718182?
True
Is 48 a factor of 9849048?
False
Is 88660075 a multiple of 25?
True
Is 61 a factor of 1635625691?
False
Is 38 a factor of 4625719290?
True
Is 1005560748 a multiple of 281?
True
Is 51339658 a multiple of 28?
False
Is 1184 a factor of 1684096943?
False
Is 33587796 a multiple of 22?
True
Is 9863418 a multiple of 91?
False
Is 740 a factor of 364173980?
True
Is 8 a factor of 53169283?
False
Does 14 divide 26441086?
True
Is 1101187170 a multiple of 2202?
True
Is 1502616689 a multiple of 9?
False
Does 3 divide 19255626?
True
Is 482915268 a multiple of 1702?
True
Is 1522929660 a multiple of 915?
True
Is 1487 a factor of 111829835?
True
Is 3715470 a multiple of 4?
False
Does 61 divide 9183297?
False
Does 39 divide 3755485594?
False
Is 131710414 a multiple of 36?
False
Is 1054 a factor of 17923270?
True
Does 209 divide 557488899?
True
Is 112 a factor of 28126672?
True
Is 6633134 a multiple of 59?
True
Is 31453304 a multiple of 66?
False
Is 601815012 a multiple of 14?
False
Is 12617340 a multiple of 164?
True
Does 18 divide 2606382?
True
Does 228 divide 13462019?
False
Is 59149584 a multiple of 78?
True
Does 1375 divide 269500?
True
Does 1517 divide 623315579?
True
Is 2023527171 a multiple of 4526?
False
Is 2661753720 a multiple of 13180?
True
Is 8 a factor of 17945332?
False
Is 13431366 a multiple of 27?
True
Is 10652918 a multiple of 112?
False
Is 479 a factor of 1368276912?
True
Is 66836330 a multiple of 11?
True
Is 22 a factor of 40474801?
False
Is 1123200382 a multiple of 503?
False
Is 1696 a factor of 692308181?
False
Does 91 divide 3364947222?
True
Does 47 divide 613726?
True
Is 16964326 a multiple of 1877?
True
Is 1088 a factor of 3472416192?
True
Is 102089700 a multiple of 12?
True
Is 56186713 a multiple of 73?
True
Is 106313908 a multiple of 431?
True
Is 5 a factor of 537703479?
False
Is 7385930 a multiple of 611?
False
Does 2654 divide 36216484?
True
Does 58 divide 110519362?
False
Is 28129221 a multiple of 9?
True
Is 707 a factor of 314237439?
False
Is 9 a factor of 19163754?
True
Is 179619545 a multiple of 36?
False
Does 56 divide 46893292?
False
Is 64 a factor of 26326220?
False
Is 1224441597 a multiple of 512?
False
Is 17 a factor of 153117844?
True
Does 109 divide 14494711?
True
Is 3025748172 a multiple of 234?
False
Does 167 divide 29589504?
False
Is 2251 a factor of 1566790542?
True
Is 163616546 a multiple of 19?
False
Is 1018469575 a multiple of 8890?
False
Does 303 divide 60560913?
True
Is 22397442 a multiple of 394?
False
Is 185 a factor of 75981244?
False
Does 33 divide 267799620?
True
Does 9 divide 42799563?
True
Does 29 divide 10525173?
True
Is 1185 a factor of 569915228?
False
Is 80036628 a multiple of 358?
True
Does 26 divide 29198156?
True
Is 3482034946 a multiple of 107?
False
Is 62686 even?
True
Is 919215163 a multiple of 111?
False
Does 686 divide 1538944960?
True
Is 65739527 a multiple of 49?
True
Is 1749162114 a multiple of 3402?
True
Is 18534166 a multiple of 41?
False
Is 4 a factor of 108493828?
True
Is 87383712 a multiple of 39?
True
Does 3766 divide 264516308?
True
Is 4765455 a multiple of 16?
False
Is 40 a factor of 314925867?
False
Is 359 a factor of 104052919?
True
Is 45211309 a multiple of 235?
False
Is 273323 a multiple of 64?
False
Is 16426645 a multiple of 2?
False
Is 27 a factor of 2781948019?
False
Does 241 divide 3169711771?
True
Does 110 divide 3627829388?
False
Is 1240 a factor of 738059160?
True
Is 448 a factor of 2588627328?
True
Is 1273 a factor of 498957442?
True
Is 416711083 a multiple of 31?
True
Is 139658915 a multiple of 205?
True
Is 523921903 a multiple of 41?
True
Does 8 divide 14762842?
False
Is 203344232 a multiple of 5066?
False
Is 10 a factor of 5559465?
False
Is 141661 a multiple of 187?
False
Is 34 a factor of 559748364?
False
Is 25510252 a multiple of 668?
True
Does 370 divide 656553530?
True
Is 13514901 a multiple of 23?
False
Is 8 a factor of 48421437?
False
Is 322 a factor of 77261732?
False
Is 1186871 a multiple of 42?
False
Is 2042313710 a multiple of 3170?
True
Is 276407568 a multiple of 738?
True
Is 100 a factor of 12646909?
False
Does 9 divide 120900015?
True
Does 412 divide 223839188?
True
Is 51 a factor of 70689060?
True
Is 946 a factor of 26327180?
True
Is 2116 a factor of 72049800?
True
Is 986829030 a multiple of 6555?
True
Does 1133 divide 169859360?
True
Is 30248628 a multiple of 43?
False
Is 822 a factor of 570522252?
True
Is 63 a factor of 204892216?
False
Does 13 divide 2734215815?
False
Does 5 divide 17500341?
False
Is 15 a factor of 381980464?
False
Is 259007440 a multiple of 147?
False
Is 2045570873 a multiple of 168?
False
Is 1289252024 a multiple of 8956?
True
Is 167175062 a multiple of 9?
False
Is 167 a factor of 116289341?
False
Does 102 divide 52358028?
True
Does 57 divide 21978801?
True
Does 3090 divide 267490805?
False
Is 123062976 a multiple of 648?
True
Is 4